(-15 - -14). What are the prime factors of (v/(-10))/((10/(-552))/5)?
2, 3, 23
Let o(d) = d**3 + 33*d**2 - 8*d - 11. What are the prime factors of o(-33)?
11, 23
Let l(j) = j**3 + j**2 + 3. Let u be l(0). Suppose u*v = 2*k + 3, -3*k + 0*v = -v - 6. List the prime factors of 106/k - (-2)/(-6).
5, 7
Let a(p) = -p**2 + 19*p + 3. Let v be a(16). Let y = -20 + v. What are the prime factors of y?
31
What are the prime factors of 6 + (-4)/2 + 1943?
3, 11, 59
Suppose -3*v + 10*n - 15 = 5*n, 4*n = 4*v + 12. Suppose v = 10*r + 132 - 1142. List the prime factors of r.
101
Let c(k) = -k - 13. Let i(p) = -4*p - 37. Let x(z) = -8*c(z) + 3*i(z). Let q be -2 + -3*1 - 2. List the prime factors of x(q).
3, 7
Suppose w + 0 + 4 = 0. Let n = w + 7. What are the prime factors of -2 + n + -3 - -13?
11
Suppose -3*b + 2*o - 96 = 0, 4*b = -o - 8 - 120. Let z(f) = -f**2 + 8*f + 8. Let m be z(9). Let j = m - b. What are the prime factors of j?
31
Let d = -46 + 72. Suppose n - d - 46 = 0. What are the prime factors of n/(-30)*60/(-9)?
2
Suppose -3*y = 24 + 24. Let o(t) = -t**3 - 16*t**2 - t + 14. Let b be o(y). Suppose q = -0*q - 4*p - 10, -b = -3*q + 3*p. List the prime factors of q.
2, 3
Suppose -2*f + 2*w = -0 + 4, 4*f - w = -17. Let k be (-4)/(f + 4) - 0. Suppose 2*d = k*y + d - 122, 3*y - 92 = d. What are the prime factors of y?
2, 3, 5
Let o(j) be the first derivative of -j**2/2 - 3*j + 6. Let i be o(-5). Suppose -6*y + 124 = -i*y. List the prime factors of y.
31
Let z(u) = -2*u - 28 + 10*u**2 - 3*u**2 + 15. Let p(j) = -6*j**2 + j + 12. Let s(i) = -5*p(i) - 4*z(i). List the prime factors of s(-7).
3, 23
Let h = 376 - 256. Let z = -23 + h. What are the prime factors of z?
97
Let o(z) = 4 - 3*z + 4 + 0 - 10. Let s be o(-2). Suppose -s*c = -96 + 36. What are the prime factors of c?
3, 5
Suppose 13 - 5 = 4*l. Let z be (-702)/(-14) - l/14. List the prime factors of 66/55*z/4.
3, 5
What are the prime factors of (-24)/21*4326/(-24)?
2, 103
Let n(z) = 3*z**2 - 8*z - 56. List the prime factors of n(-8).
2, 5
Suppose -4*b = -2*l + 330 - 84, 0 = 3*l + 3*b - 378. What are the prime factors of l?
5
Let p = 51 + -35. Suppose -120 = -p*d + 11*d. What are the prime factors of d?
2, 3
Let y(r) = -r**3 + 3*r**2 + 7*r - 7. Let o be y(4). Suppose -5*i + 42 = t - 586, -3*i + 368 = o*t. List the prime factors of i.
2, 3, 7
Let w be (-114)/(-18) + -6 + 380/3. Suppose 5*s - 8 + w = 3*c, 3*s - 135 = -3*c. List the prime factors of c.
43
Let r(w) = 7*w**3 - 4*w**2 - 3*w + 6. What are the prime factors of r(6)?
2, 3, 113
Let h be 2/(-7) + 8118/42 + 0. Suppose 4*c = u - c - h, -25 = 5*c. What are the prime factors of u?
2, 3, 7
Let h be 25/7 + (-36)/63. Let w(q) = 15*q + 10. What are the prime factors of w(h)?
5, 11
Suppose 3*y - 20 = -y. Suppose y*j + 0 = 10. List the prime factors of 4 - j/(6/(-3)).
5
Let l be 6/(-42) - (2 - 128/14). Suppose -203 - 63 = -l*w. List the prime factors of w.
2, 19
Suppose 0 = -9*n + 15462 + 30042. List the prime factors of n.
2, 79
Let r(x) = x**2 + 9*x + 24. Let n(s) = s**2 - 10*s + 12. Let b be n(6). What are the prime factors of r(b)?
2, 3, 5
Suppose 0 = -4*p - 5036 + 16952. What are the prime factors of p?
3, 331
Suppose 4993 = 6*c - 557. List the prime factors of c.
5, 37
Let c(l) = -3 - 3*l - 1 - l**3 + 3 + 2*l. Let h(s) = -6*s**3 + 2*s**2 - s - 2. Let b(f) = -2*c(f) + h(f). What are the prime factors of b(-1)?
5
Let f = -3 - -8. Suppose 59 = f*d + 4. What are the prime factors of d?
11
Let x(o) = -9*o + 48. What are the prime factors of x(-8)?
2, 3, 5
Suppose 174 + 2186 = 10*n. List the prime factors of n.
2, 59
Suppose 1181*j + 5334 = 1187*j. What are the prime factors of j?
7, 127
Let w = -17 - -19. Suppose -4*k = -4*v + 460, -w*v + 4*k + 238 - 2 = 0. What are the prime factors of v?
2, 7
Suppose -3*x = -4*x + 10. Suppose 0*n - 2*i = -n + x, -4*n = -4*i - 28. What are the prime factors of n?
2
Suppose 7*z + 50 = 12*z. What are the prime factors of (z/(-3))/((-2)/33)?
5, 11
Let b be 9/(-21) + (-2336)/(-28). Suppose 0 = d - 4*j - b - 86, 0 = -2*d + j + 345. List the prime factors of d.
173
Let s be (1/2)/(2/20). Suppose -3*t - 2*r + 26 = 0, s*t = -5*r - 0*r + 40. Suppose -o + 3*o = t. List the prime factors of o.
5
Suppose 9*b = 5*b - 16. Let o(d) = -2*d**3 + d**2 + 5. What are the prime factors of o(b)?
149
Let p = 13 - 11. Suppose 63 = p*r - 5. List the prime factors of r.
2, 17
Let i(z) = 120*z**3 - z**2 + z - 1. Let p be (-2)/(3 - 4) + -1. Let v be i(p). Suppose v - 24 = 5*c. What are the prime factors of c?
19
Suppose k - 3 = 35. Let a = 22 - 10. Let d = k + a. What are the prime factors of d?
2, 5
Let b = -1947 - -4184. List the prime factors of b.
2237
Suppose -336 = -11*x + 7*x. Suppose 5*n = 326 + x. What are the prime factors of n?
2, 41
Let w(g) = g**3 + 2*g**2 - 5*g - 3. Let s be w(-3). Suppose -2*y - s*c = 2*y - 737, 4*y = 5*c + 713. List the prime factors of y.
2, 7, 13
Let p be 30/8 + 1/(5 + -1). What are the prime factors of -1 - (-61 - (-8)/p)?
2, 29
Let f(l) = l**2 + 9*l - 79. What are the prime factors of f(19)?
3, 151
Let j be (-2)/(-12) + (-33)/(-18). Suppose f + u - 1359 = 0, -u = j*f - 6*u - 2690. What are the prime factors of (-4)/(-26) - f/(-65)?
3, 7
Let q = -165 - -615. List the prime factors of q.
2, 3, 5
Suppose t = -5*o + 2, 5*t = 3*o + 2*t + 6. Suppose -a - 3*a = -3*v - 473, o = a + 3*v - 122. What are the prime factors of a?
7, 17
Suppose -5*o + 125 = s, -2*o + 68 = -0*s + 4*s. Let k = -2 + 5. Suppose 2*c + 4*p + 1 = 11, -k*p = 3*c - o. List the prime factors of c.
11
Suppose -15 = -5*m, -2*g - g = 5*m + 15. Let z be (-56)/g - 2/(-5). Suppose -191 = -z*y + 13. List the prime factors of y.
2, 17
Let r(g) = g**3 + 12*g**2 + 15*g + 6. Let b(m) = -m**2 + 4*m - 5. Let x be b(5). List the prime factors of r(x).
2, 7
Let b(o) = -18*o + 281. What are the prime factors of b(-11)?
479
Let h = 27 + -25. Suppose 44 = 4*s - x, -4*s - 12 + 56 = -h*x. List the prime factors of s.
11
Let o(c) = -2*c**3 + c**2 + 4*c + 3. Let x be o(-1). What are the prime factors of x*(-2)/1 + 63?
59
Let y = 123 + 290. List the prime factors of y.
7, 59
Suppose 0 = c - 2*c + 330. Let p be (4/(-12))/((-2)/c). Suppose 2*d - p = -3*m, -5*m + 3*d + 97 = d. List the prime factors of m.
19
Suppose 0 = 5*c - 3 - 7. Suppose -c*f + 7 = 3. Suppose 0*z + f*z = 60. What are the prime factors of z?
2, 3, 5
Suppose 51 = a + 2*z - 13, 4*z + 280 = 4*a. Let w = 96 - a. What are the prime factors of w?
2, 7
Let z be (2 - 3)*4/(12/(-9)). Suppose -5*y = l - 3*l + 224, -4*l + z*y = -420. List the prime factors of l.
2, 3, 17
Suppose -5*v + 6*v = 23. Let r = v + -30. Let k = 19 + r. What are the prime factors of k?
2, 3
Suppose 1 = 2*l + 25. Let y = -8 - l. Suppose -3*f + 0*m + 41 = -y*m, 5*m = 5. What are the prime factors of f?
3, 5
Let m(b) = b**3 + 4*b**2 - b - 3. Let z be m(2). Let d = z - 0. List the prime factors of d.
19
Suppose 0 = 4*g - 3*w - 2593, -4*w + 1279 = 3*g - 697. What are the prime factors of g?
2, 163
Let l(m) = m**2 - 5*m + 5. Let p be l(5). Let z = 261 + -180. Suppose 5*a = -3*n + z, -2*a + a = p*n - 25. List the prime factors of a.
3, 5
Let o = 7 + -5. Let l = 195 - 195. Suppose -5*d - 5*g + 57 - o = l, -5*d + 43 = 2*g. What are the prime factors of d?
7
Suppose 722 = 4*i - 1150. Suppose 6*c + i = 8*c. List the prime factors of c.
2, 3, 13
Suppose 0 = -4*i + 5*p + 9 + 1, -p - 2 = 5*i. Let w(u) = 6 - 3 + 40*u + i - 2. What are the prime factors of w(1)?
41
Suppose -19*k + 23*k - 8 = 0. Suppose -k*m - 3*x + x = -108, 3*m - 156 = 3*x. What are the prime factors of m?
53
Let k(t) = 7*t**2 - 7*t + 5. What are the prime factors of k(-7)?
397
Let j = 839 - 406. What are the prime factors of j?
433
Let j = 41 + -21. Let i be j/6 - (-6)/9. Suppose 4*h - 72 = -5*m, i*h + 3*m - 103 = -h. What are the prime factors of h?
23
Let h(r) = 704*r - 746. What are the prime factors of h(3)?
2, 683
Let u(j) = -j + 2. Let y be u(0). Let a(n) = -81*n + 4. Let h(r) = 16*r - 1. Let w(z) = 2*a(z) + 11*h(z). List the prime factors of w(y).
5
Let d = 1522 + 611. List the prime factors of d.
3, 79
Suppose -12*p - 26*p + 9500 = 0. Let c be (-60)/(-14) - (-4)/(-14). Suppose -c*b - p = -9*b. List the prime factors of b.
2, 5
Let s be (54/12)/(-1 + (-3)/(-2)). Let c(o) be the first 